249473 is divided by 8541.
1784
Calculate the remainder when 17528673 is divided by 33.
30
What is the remainder when 48171 is divided by 2399?
191
Calculate the remainder when 91038 is divided by 8052.
2466
Calculate the remainder when 8661539 is divided by 15.
14
Calculate the remainder when 329910 is divided by 99.
42
What is the remainder when 5310746 is divided by 1770222?
80
What is the remainder when 425236 is divided by 212564?
108
Calculate the remainder when 625455 is divided by 187.
127
What is the remainder when 367941 is divided by 592?
309
What is the remainder when 211037 is divided by 334?
283
What is the remainder when 1488211 is divided by 248032?
19
What is the remainder when 509650347 is divided by 825?
822
Calculate the remainder when 506352 is divided by 595.
7
Calculate the remainder when 88215801 is divided by 1018.
1011
Calculate the remainder when 51184630 is divided by 15.
10
What is the remainder when 4791 is divided by 677?
52
Calculate the remainder when 45089 is divided by 135.
134
Calculate the remainder when 41316318 is divided by 41316280.
38
What is the remainder when 5506465 is divided by 45?
40
Calculate the remainder when 66843 is divided by 66520.
323
Calculate the remainder when 55867344 is divided by 27933670.
4
Calculate the remainder when 1306693 is divided by 17.
5
What is the remainder when 49895930 is divided by 2706?
2702
Calculate the remainder when 97335912 is divided by 2826.
2820
What is the remainder when 568257 is divided by 2370?
1827
What is the remainder when 194265 is divided by 10224?
9
What is the remainder when 192694 is divided by 205?
199
Calculate the remainder when 44244 is divided by 2442.
288
Calculate the remainder when 930961 is divided by 13490.
151
Calculate the remainder when 143131 is divided by 1015.
16
Calculate the remainder when 10954 is divided by 862.
610
What is the remainder when 309479 is divided by 3363?
83
Calculate the remainder when 1436011 is divided by 526.
31
Calculate the remainder when 746122 is divided by 547.
14
Calculate the remainder when 304702 is divided by 21762.
34
Calculate the remainder when 15542103 is divided by 99.
93
Calculate the remainder when 4067462 is divided by 124.
14
What is the remainder when 300548 is divided by 9392?
4
Calculate the remainder when 13975867 is divided by 1025.
1017
Calculate the remainder when 288238869 is divided by 328.
13
What is the remainder when 795580 is divided by 329?
58
Calculate the remainder when 2587503 is divided by 5921.
26
Calculate the remainder when 9246601 is divided by 156722.
3
Calculate the remainder when 4635461 is divided by 544.
37
What is the remainder when 8024134 is divided by 4606?
482
Calculate the remainder when 13339505 is divided by 963.
29
Calculate the remainder when 223702 is divided by 1017.
979
What is the remainder when 303661 is divided by 50579?
187
Calculate the remainder when 66670843 is divided by 865855.
8
Calculate the remainder when 214117 is divided by 11258.
215
Calculate the remainder when 1367792 is divided by 1504.
656
What is the remainder when 11174348 is divided by 2?
0
What is the remainder when 3130548 is divided by 566?
2
Calculate the remainder when 135980 is divided by 26.
0
What is the remainder when 3325127 is divided by 13251?
12377
What is the remainder when 802521 is divided by 13602?
3
Calculate the remainder when 13634528 is divided by 1277.
1276
Calculate the remainder when 194265796 is divided by 23.
22
Calculate the remainder when 109989774 is divided by 2205.
2169
Calculate the remainder when 109220197 is divided by 10.
7
What is the remainder when 326461247 is divided by 2334?
2333
Calculate the remainder when 2308773 is divided by 377.
25
What is the remainder when 2473104 is divided by 13971?
237
Calculate the remainder when 504601 is divided by 3945.
3586
What is the remainder when 3977674 is divided by 304?
138
What is the remainder when 6430298 is divided by 1071714?
14
What is the remainder when 435382 is divided by 217673?
36
What is the remainder when 196523 is divided by 93?
14
Calculate the remainder when 97916 is divided by 48663.
590
Calculate the remainder when 282095 is divided by 35259.
23
Calculate the remainder when 47387 is divided by 4590.
1487
What is the remainder when 34267 is divided by 11173?
748
Calculate the remainder when 799959 is divided by 99915.
639
Calculate the remainder when 1291490 is divided by 79.
77
Calculate the remainder when 15760076 is divided by 1239.
1235
Calculate the remainder when 1674874 is divided by 59.
41
Calculate the remainder when 60041 is divided by 584.
473
Calculate the remainder when 12455177 is divided by 3113789.
21
Calculate the remainder when 9091350 is divided by 16.
6
Calculate the remainder when 27344248 is divided by 560.
8
What is the remainder when 1004228 is divided by 245?
218
Calculate the remainder when 90818 is divided by 29447.
2477
What is the remainder when 126026 is divided by 624?
602
Calculate the remainder when 2417663 is divided by 1665.
83
Calculate the remainder when 29620056 is divided by 285.
6
What is the remainder when 73287998 is divided by 41?
6
Calculate the remainder when 4329166 is divided by 349.
170
What is the remainder when 3640212 is divided by 2798?
14
What is the remainder when 4162280 is divided by 693711?
14
Calculate the remainder when 4128640 is divided by 2443.
2413
Calculate the remainder when 331348 is divided by 29993.
1425
Calculate the remainder when 16605 is divided by 16371.
234
Calculate the remainder when 24827567 is divided by 7996.
7983
What is the remainder when 153928 is divided by 12159?
8020
Calculate the remainder when 383581 is divided by 19179.
1
Calculate the remainder when 98175 is divided by 96699.
1476
Calculate the remainder when 35471 is divided by 289.
213
Calculate the remainder when 6426343 is divided by 3994.
3991
What is the remainder when 671820 is divided by 3974?
214
What is the remainder when 23236 is divided by 1469?
1201
What is the remainder when 133597056 is divided by 255?
6
Calculate the remainder when 9726103 is divided by 9726082.
21
What is the remainder when 333084 is divided by 5545?
384
What is the remainder when 111671454 is divided by 2610?
2604
What is the remainder when 669804 is divided by 8173?
7791
What is the remainder when 300463 is divided by 2613?
2581
Calculate the remainder when 58505857 is divided by 497.
11
Calculate the remainder when 277401 is divided by 15.
6
Calculate the remainder when 656503 is divided by 55.
23
Calculate the remainder when 72803 is divided by 36004.
795
Calculate the remainder when 711552 is divided by 2273.
103
Calculate the remainder when 328300 is divided by 82063.
48
Calculate the remainder when 1579303 is divided by 478.
469
What is the remainder when 283990 is divided by 3084?
262
Calculate the remainder when 442863 is divided by 88173.
1998
Calculate the remainder when 35031 is divided by 16432.
2167
Calculate the remainder when 14225243 is divided by 2380.
2363
What is the remainder when 11739 is divided by 3375?
1614
What is the remainder when 82632 is divided by 5883?
270
Calculate the remainder when 2391376 is divided by 105.
1
Calculate the remainder when 36394868 is divided by 3040.
3028
Calculate the remainder when 2207240 is divided by 245248.
8
What is the remainder when 35806935 is divided by 7513?
7490
What is the remainder when 103543483 is divided by 78?
43
Calculate the remainder when 63534 is divided by 1116.
1038
What is the remainder when 23653257 is divided by 388?
1
Calculate the remainder when 22702940 is divided by 3554.
3542
What is the remainder when 1044940 is divided by 521628?
1684
Calculate the remainder when 72147 is divided by 23652.
1191
What is the remainder when 6512275 is divided by 1304?
99
What is the remainder when 2336058 is divided by 233604?
18
What is the remainder when 9624216 is divided by 963?
957
What is the remainder when 50704 is divided by 2815?
34
What is the remainder when 10966468 is divided by 2169?
4
What is the remainder when 5012998 is divided by 666?
16
Calculate the remainder when 860622 is divided by 7618.
7406
What is the remainder when 3013372 is divided by 2264?
2252
What is the remainder 